{"id":8783,"date":"2025-04-11T10:22:12","date_gmt":"2025-04-11T13:22:12","guid":{"rendered":"https:\/\/convidas.org.br\/site\/?page_id=8783"},"modified":"2025-04-22T11:04:11","modified_gmt":"2025-04-22T14:04:11","slug":"agenda","status":"publish","type":"page","link":"https:\/\/convidas.org.br\/site\/agenda\/","title":{"rendered":"Agenda"},"content":{"rendered":"<h5 style=\"text-align: left;\"><img decoding=\"async\" class=\" wp-image-8801 alignleft\" src=\"https:\/\/convidas.org.br\/site\/wp-content\/uploads\/2025\/04\/top-2-agenda.png\" alt=\"\" width=\"151\" height=\"123\"  loading=\"lazy\" srcset=\"https:\/\/convidas.org.br\/site\/wp-content\/uploads\/2025\/04\/top-2-agenda.png 511w, https:\/\/convidas.org.br\/site\/wp-content\/uploads\/2025\/04\/top-2-agenda-300x244.png 300w\" sizes=\"(max-width: 151px) 100vw, 151px\" \/><span style=\"color: #000000;\">A 30\u00aa Confer\u00eancia das Partes &#8211; COP 30, de Natal\/Brasil &#8211; vem a\u00ed. Sei n\u00e3o ecologistas,<\/span><\/h5>\n<h5 style=\"text-align: left;\"><span style=\"color: #000000;\"> naturalistas, ambientalista e conservacionistas, mas acho que essa agenda <\/span><span style=\"color: #000000;\">COP <\/span><\/h5>\n<h5 style=\"text-align: left;\"><span style=\"color: #000000;\">mereceria uma maior e mais corajosa defesa da biodiversidade.<\/span><\/h5>\n<p>&nbsp;<\/p>\n<p>&nbsp;<\/p>\n<p>&nbsp;<\/p>\n<h5><img decoding=\"async\" class=\" wp-image-8800 alignleft\" src=\"https:\/\/convidas.org.br\/site\/wp-content\/uploads\/2025\/04\/TOP-1-AGENDA.png\" alt=\"\" width=\"151\" height=\"123\"  loading=\"lazy\" srcset=\"https:\/\/convidas.org.br\/site\/wp-content\/uploads\/2025\/04\/TOP-1-AGENDA.png 511w, https:\/\/convidas.org.br\/site\/wp-content\/uploads\/2025\/04\/TOP-1-AGENDA-300x244.png 300w\" sizes=\"(max-width: 151px) 100vw, 151px\" \/><strong><span style=\"color: #000000;\">PMPF &#8211; SMAM &#8211; C\u00e2mara &#8211; Prefeitura Municipal de Passo Fundo, suas Secretaria do Meio Ambiente <\/span><\/strong><span style=\"color: #000000; font-size: 16px;\"><strong>e C\u00e2mara de Vereadores<\/strong> &#8211; levam a termo o pendente processo de repasse da \u00e1rea Primaves, desde 2010 propriedade do munic\u00edpio, para recente <\/span><span style=\"color: #000000; font-size: 16px;\">ONG Primaves &#8211; Centro de Acolhimento de Animais Silvestres.<\/span><\/h5>\n<h5><span style=\"color: #000000;\">Evento importante, que refor\u00e7a o perfil institucional do Abrigo e poder\u00e1 abrir-lhe oportunidades de atender a chamadas de editais e concursos inclusivos da \u00e1rea de Conserva\u00e7\u00e3o de silvestres.<\/span><\/h5>\n<h5><span style=\"color: #000000;\">Em agradecimento e a t\u00edtulo de contrapartida, o Primaves acolher\u00e1, sem custos, a visita\u00e7\u00e3o de alunos e professores das escolas municipais, de acordo com calend\u00e1rios anuais elaborados pelas partes.<\/span><\/h5>\n<p>&nbsp;<\/p>\n","protected":false},"excerpt":{"rendered":"<p>A 30\u00aa Confer\u00eancia das Partes &#8211; COP 30, de Natal\/Brasil &#8211; vem a\u00ed. Sei n\u00e3o ecologistas, naturalistas, ambientalista e conservacionistas, mas acho que essa agenda COP mereceria uma maior e mais corajosa defesa da biodiversidade. &nbsp; &nbsp; &nbsp; PMPF &#8211; SMAM &#8211; C\u00e2mara &#8211; Prefeitura Municipal de Passo Fundo, suas Secretaria do Meio Ambiente e [&hellip;]<\/p>\n","protected":false},"author":3,"featured_media":0,"parent":0,"menu_order":4,"comment_status":"closed","ping_status":"closed","template":"","meta":{"footnotes":""},"class_list":["post-8783","page","type-page","status-publish","hentry"],"_links":{"self":[{"href":"https:\/\/convidas.org.br\/site\/wp-json\/wp\/v2\/pages\/8783"}],"collection":[{"href":"https:\/\/convidas.org.br\/site\/wp-json\/wp\/v2\/pages"}],"about":[{"href":"https:\/\/convidas.org.br\/site\/wp-json\/wp\/v2\/types\/page"}],"author":[{"embeddable":true,"href":"https:\/\/convidas.org.br\/site\/wp-json\/wp\/v2\/users\/3"}],"replies":[{"embeddable":true,"href":"https:\/\/convidas.org.br\/site\/wp-json\/wp\/v2\/comments?post=8783"}],"version-history":[{"count":6,"href":"https:\/\/convidas.org.br\/site\/wp-json\/wp\/v2\/pages\/8783\/revisions"}],"predecessor-version":[{"id":8802,"href":"https:\/\/convidas.org.br\/site\/wp-json\/wp\/v2\/pages\/8783\/revisions\/8802"}],"wp:attachment":[{"href":"https:\/\/convidas.org.br\/site\/wp-json\/wp\/v2\/media?parent=8783"}],"curies":[{"name":"wp","href":"https:\/\/api.w.org\/{rel}","templated":true}]}}

<h5 style="text-align: left;"><img decoding="async" class=" wp-image-8801 alignleft" src="https://convidas.org.br/site/wp-content/uploads/2025/04/top-2-agenda.png" alt="" width="151" height="123"  loading="lazy" srcset="https://convidas.org.br/site/wp-content/uploads/2025/04/top-2-agenda.png 511w, https://convidas.org.br/site/wp-content/uploads/2025/04/top-2-agenda-300x244.png 300w" sizes="(max-width: 151px) 100vw, 151px" /><span style="color: #000000;">A 30ª Conferência das Partes &#8211; COP 30, de Natal/Brasil &#8211; vem aí. Sei não ecologistas,</span></h5>
<h5 style="text-align: left;"><span style="color: #000000;"> naturalistas, ambientalista e conservacionistas, mas acho que essa agenda </span><span style="color: #000000;">COP </span></h5>
<h5 style="text-align: left;"><span style="color: #000000;">mereceria uma maior e mais corajosa defesa da biodiversidade.</span></h5>
<p>&nbsp;</p>
<p>&nbsp;</p>
<p>&nbsp;</p>
<h5><img decoding="async" class=" wp-image-8800 alignleft" src="https://convidas.org.br/site/wp-content/uploads/2025/04/TOP-1-AGENDA.png" alt="" width="151" height="123"  loading="lazy" srcset="https://convidas.org.br/site/wp-content/uploads/2025/04/TOP-1-AGENDA.png 511w, https://convidas.org.br/site/wp-content/uploads/2025/04/TOP-1-AGENDA-300x244.png 300w" sizes="(max-width: 151px) 100vw, 151px" /><strong><span style="color: #000000;">PMPF &#8211; SMAM &#8211; Câmara &#8211; Prefeitura Municipal de Passo Fundo, suas Secretaria do Meio Ambiente </span></strong><span style="color: #000000; font-size: 16px;"><strong>e Câmara de Vereadores</strong> &#8211; levam a termo o pendente processo de repasse da área Primaves, desde 2010 propriedade do município, para recente </span><span style="color: #000000; font-size: 16px;">ONG Primaves &#8211; Centro de Acolhimento de Animais Silvestres.</span></h5>
<h5><span style="color: #000000;">Evento importante, que reforça o perfil institucional do Abrigo e poderá abrir-lhe oportunidades de atender a chamadas de editais e concursos inclusivos da área de Conservação de silvestres.</span></h5>
<h5><span style="color: #000000;">Em agradecimento e a título de contrapartida, o Primaves acolherá, sem custos, a visitação de alunos e professores das escolas municipais, de acordo com calendários anuais elaborados pelas partes.</span></h5>
<p>&nbsp;</p>

<p>A 30ª Conferência das Partes &#8211; COP 30, de Natal/Brasil &#8211; vem aí. Sei não ecologistas, naturalistas, ambientalista e conservacionistas, mas acho que essa agenda COP mereceria uma maior e mais corajosa defesa da biodiversidade. &nbsp; &nbsp; &nbsp; PMPF &#8211; SMAM &#8211; Câmara &#8211; Prefeitura Municipal de Passo Fundo, suas Secretaria do Meio Ambiente e [&hellip;]</p>
